s divided by 23?
16
What is the remainder when 37474752 is divided by 44?
40
Calculate the remainder when 30986 is divided by 7260.
1946
What is the remainder when 6947749 is divided by 38?
19
Calculate the remainder when 1227099 is divided by 184.
3
What is the remainder when 38115229 is divided by 446?
69
What is the remainder when 86239243 is divided by 182?
181
Calculate the remainder when 561024512 is divided by 39.
35
Calculate the remainder when 8866215 is divided by 2955401.
12
Calculate the remainder when 275871134 is divided by 354.
350
Calculate the remainder when 37305 is divided by 2822.
619
What is the remainder when 167198 is divided by 2495?
33
Calculate the remainder when 618015 is divided by 28.
27
What is the remainder when 4727206 is divided by 1575721?
43
Calculate the remainder when 122234551 is divided by 68.
63
What is the remainder when 388004920 is divided by 14136?
14128
Calculate the remainder when 27673880 is divided by 2332.
36
Calculate the remainder when 68627831 is divided by 546.
545
What is the remainder when 1065551 is divided by 355151?
98
Calculate the remainder when 34230002 is divided by 1355.
1347
Calculate the remainder when 2877811 is divided by 27.
16
What is the remainder when 1722227 is divided by 61?
14
Calculate the remainder when 16069 is divided by 788.
309
What is the remainder when 593373481 is divided by 417?
412
Calculate the remainder when 983863 is divided by 3440.
23
Calculate the remainder when 78235 is divided by 164.
7
Calculate the remainder when 20935634 is divided by 27877.
7
Calculate the remainder when 2704331907 is divided by 610.
607
What is the remainder when 103894 is divided by 51833?
228
What is the remainder when 57174 is divided by 19033?
75
Calculate the remainder when 389770203 is divided by 294.
291
What is the remainder when 3861148 is divided by 1954?
44
Calculate the remainder when 1597902 is divided by 47.
43
Calculate the remainder when 257064566 is divided by 37.
36
Calculate the remainder when 2087080 is divided by 222.
58
What is the remainder when 91210323 is divided by 109?
104
What is the remainder when 38719 is divided by 3280?
2639
Calculate the remainder when 2155534 is divided by 230.
204
Calculate the remainder when 21049 is divided by 4198.
59
Calculate the remainder when 2202471 is divided by 68815.
391
What is the remainder when 13341 is divided by 92?
1
Calculate the remainder when 86712 is divided by 9403.
2085
Calculate the remainder when 105819 is divided by 4145.
2194
What is the remainder when 526683 is divided by 746?
7
What is the remainder when 49120850 is divided by 60?
50
What is the remainder when 105741158 is divided by 28?
26
Calculate the remainder when 10637750 is divided by 409144.
6
What is the remainder when 432162 is divided by 92?
38
What is the remainder when 68769 is divided by 9756?
477
Calculate the remainder when 413395 is divided by 634.
27
Calculate the remainder when 17137 is divided by 971.
630
What is the remainder when 398233 is divided by 78909?
3688
What is the remainder when 930349 is divided by 1210?
1069
Calculate the remainder when 397327 is divided by 168.
7
What is the remainder when 4265136 is divided by 1844?
1808
Calculate the remainder when 34434 is divided by 2006.
332
Calculate the remainder when 593840 is divided by 71.
67
Calculate the remainder when 2616486 is divided by 153910.
16
What is the remainder when 792113 is divided by 35947?
1279
What is the remainder when 1851 is divided by 85?
66
Calculate the remainder when 1638820 is divided by 60697.
1
Calculate the remainder when 4069017 is divided by 1356337.
6
What is the remainder when 17477 is divided by 840?
677
What is the remainder when 139579 is divided by 1126?
1081
Calculate the remainder when 1994487 is divided by 9.
6
What is the remainder when 4374774 is divided by 273420?
54
What is the remainder when 749730 is divided by 389?
127
Calculate the remainder when 1282809 is divided by 106900.
9
Calculate the remainder when 661693 is divided by 7953.
1594
What is the remainder when 151029219 is divided by 40?
19
What is the remainder when 1636012 is divided by 1636000?
12
What is the remainder when 586824 is divided by 585?
69
What is the remainder when 10425614 is divided by 651600?
14
Calculate the remainder when 73136293 is divided by 9.
7
What is the remainder when 172118 is divided by 1363?
380
What is the remainder when 143570 is divided by 112?
98
Calculate the remainder when 9748521 is divided by 4874250.
21
Calculate the remainder when 4860697 is divided by 607587.
1
Calculate the remainder when 509937 is divided by 169928.
153
Calculate the remainder when 1360945 is divided by 22682.
25
Calculate the remainder when 1645793 is divided by 196.
177
What is the remainder when 169485174 is divided by 5095?
5094
Calculate the remainder when 288364275 is divided by 129.
126
Calculate the remainder when 22773790 is divided by 2317.
2314
What is the remainder when 221798 is divided by 14786?
8
What is the remainder when 82120725 is divided by 895?
0
Calculate the remainder when 192329 is divided by 3427.
417
What is the remainder when 20535479 is divided by 420?
419
What is the remainder when 31094539 is divided by 46?
11
What is the remainder when 303500 is divided by 100411?
2267
Calculate the remainder when 10833347 is divided by 227.
226
Calculate the remainder when 4357612 is divided by 1096.
1012
What is the remainder when 1326572 is divided by 7819?
5161
Calculate the remainder when 26149575 is divided by 39.
36
What is the remainder when 900197 is divided by 26?
25
Calculate the remainder when 606709 is divided by 75838.
5
Calculate the remainder when 19598395 is divided by 19598387.
8
Calculate the remainder when 479626 is divided by 11974.
666
Calculate the remainder when 567852 is divided by 189216.
204
Calculate the remainder when 49896777 is divided by 2772043.
3
Calculate the remainder when 189186 is divided by 26.
10
What is the remainder when 727226 is divided by 72580?
1426
Calculate the remainder when 243871570 is divided by 509.
508
Calculate the remainder when 10066776 is divided by 629173.
8
Calculate the remainder when 10094501 is divided by 776498.
27
What is the remainder when 332609 is divided by 127?
123
Calculate the remainder when 429391 is divided by 1975.
816
Calculate the remainder when 21047 is divided by 466.
77
Calculate the remainder when 718635 is divided by 2071.
2069
What is the remainder when 87354 is divided by 29025?
279
What is the remainder when 43679 is divided by 10063?
3427
What is the remainder when 165160 is divided by 55044?
28
Calculate the remainder when 1008620 is divided by 48.
44
Calculate the remainder when 353937 is divided by 59.
55
What is the remainder when 851107 is divided by 212775?
7
What is the remainder when 10657 is divided by 8648?
2009
What is the remainder when 1833924 is divided by 70527?
222
What is the remainder when 29340237 is divided by 79?
32
Calculate the remainder when 966036 is divided by 21454.
606
What is the remainder when 2952030 is divided by 811?
801
Calculate the remainder when 4289865 is divided by 57.
45
What is the remainder when 5678 is divided by 139?
118
What is the remainder when 19250943 is divided by 6416978?
9
What is the remainder when 15929875 is divided by 1448161?
104
What is the remainder when 1113417 is divided by 4251?
3906
Calculate the remainder when 101549 is divided by 5633.
155
What is the remainder when 835484 is divided by 49?
34
Calculate the remainder when 26317 is divided by 11839.
2639
What is the remainder when 107562 is divided by 12848?
4778
What is the remainder when 1779669716 is divided by 34?
32
What is the remainder when 29255905 is divided by 1048?
985
Calculate the remainder when 6353 is divided by 2016.
305
Calculate the remainder when 283514 is divided by 94374.
392
Calculate the remainder when 1998496 is divided by 2647.
11
Calculate the remainder when 1155870 is divided by 5349.
486
Calculate the remainder when 36400391 is divided by 12817.
111
What is the remainder when 875868 is divided by 11085?
153
What is the remainder when 20079 is divided by 294?
87
What is the remainder when 119662470 is divided by 29?
2